{"id":15,"date":"2016-10-30T17:52:38","date_gmt":"2016-10-30T16:52:38","guid":{"rendered":"https:\/\/leslivresdaglae.wordpress.com\/?page_id=5"},"modified":"2023-09-20T17:42:07","modified_gmt":"2023-09-20T15:42:07","slug":"accueil","status":"publish","type":"page","link":"http:\/\/leslivresdaglae.fr\/index.php\/accueil\/","title":{"rendered":"Qui suis-je ?"},"content":{"rendered":"<p style=\"text-align: justify;\">Heyyyy! Que je me pr\u00e9sente: Agla\u00e9 pour vous servir, 16ans et passionn\u00e9e par milles choses!<\/p>\n<p>J&rsquo;ai cr\u00e9\u00e9 ce blog \u00e0 mes neuf ans, et, f\u00fbt un temps, je postais de nombreuses chroniques (si vous tomber sur un article paru il y a quelques ann\u00e9es, ne vous \u00e9tonnez pas de lire quelque po\u00e8me enfantin ou critique simpliste!). Aujourd&rsquo;hui, je suis en Terminale, et je suis d\u00e9cid\u00e9e \u00e0 reprendre ce blog en main, apr\u00e8s 2 ans d&rsquo;absence quasi totale.<\/p>\n<p>Bref, pour vous le pr\u00e9senter: je parlerai essentiellement de philo, d&rsquo;essais, de th\u00e9\u00e2tre, et de litt\u00e9rature (parfois ado ou jeunesse!). Mes centres d&rsquo;int\u00e9r\u00eats se sont vari\u00e9s et diversifi\u00e9s, en m\u00eame temps que je vivais de nouvelles exp\u00e9riences, alors ce sont pour beaucoup des genres dans lesquels je suis novice, mais pour lesquels j&rsquo;essaierai de rendre compte de mon int\u00e9r\u00eat. Vous pouvez aussi vous abonner \u00e0 mon compte instagram @leslivresdaglae, sur lequel je serai certainement plus pr\u00e9sente!<\/p>\n<p>Si cette aventure vous int\u00e9resse, n&rsquo;h\u00e9sitez pas \u00e0 y jetter un coup d&rsquo;oeil!<\/p>\n<p style=\"text-align: justify;\"><span style=\"color: #000000; font-size: 14pt;\">\u00a0<\/span><\/p>\n<p style=\"text-align: left;\">\n","protected":false},"excerpt":{"rendered":"<p>Il s\u2019agit de l\u2019extrait de votre page d\u2019accueil.<\/p>\n","protected":false},"author":2,"featured_media":0,"parent":0,"menu_order":1,"comment_status":"closed","ping_status":"closed","template":"","meta":[],"post_mailing_queue_ids":[],"_links":{"self":[{"href":"http:\/\/leslivresdaglae.fr\/index.php\/wp-json\/wp\/v2\/pages\/15"}],"collection":[{"href":"http:\/\/leslivresdaglae.fr\/index.php\/wp-json\/wp\/v2\/pages"}],"about":[{"href":"http:\/\/leslivresdaglae.fr\/index.php\/wp-json\/wp\/v2\/types\/page"}],"author":[{"embeddable":true,"href":"http:\/\/leslivresdaglae.fr\/index.php\/wp-json\/wp\/v2\/users\/2"}],"replies":[{"embeddable":true,"href":"http:\/\/leslivresdaglae.fr\/index.php\/wp-json\/wp\/v2\/comments?post=15"}],"version-history":[{"count":38,"href":"http:\/\/leslivresdaglae.fr\/index.php\/wp-json\/wp\/v2\/pages\/15\/revisions"}],"predecessor-version":[{"id":8098,"href":"http:\/\/leslivresdaglae.fr\/index.php\/wp-json\/wp\/v2\/pages\/15\/revisions\/8098"}],"wp:attachment":[{"href":"http:\/\/leslivresdaglae.fr\/index.php\/wp-json\/wp\/v2\/media?parent=15"}],"curies":[{"name":"wp","href":"https:\/\/api.w.org\/{rel}","templated":true}]}}

<p style="text-align: justify;">Heyyyy! Que je me présente: Aglaé pour vous servir, 16ans et passionnée par milles choses!</p>
<p>J&rsquo;ai créé ce blog à mes neuf ans, et, fût un temps, je postais de nombreuses chroniques (si vous tomber sur un article paru il y a quelques années, ne vous étonnez pas de lire quelque poème enfantin ou critique simpliste!). Aujourd&rsquo;hui, je suis en Terminale, et je suis décidée à reprendre ce blog en main, après 2 ans d&rsquo;absence quasi totale.</p>
<p>Bref, pour vous le présenter: je parlerai essentiellement de philo, d&rsquo;essais, de théâtre, et de littérature (parfois ado ou jeunesse!). Mes centres d&rsquo;intérêts se sont variés et diversifiés, en même temps que je vivais de nouvelles expériences, alors ce sont pour beaucoup des genres dans lesquels je suis novice, mais pour lesquels j&rsquo;essaierai de rendre compte de mon intérêt. Vous pouvez aussi vous abonner à mon compte instagram @leslivresdaglae, sur lequel je serai certainement plus présente!</p>
<p>Si cette aventure vous intéresse, n&rsquo;hésitez pas à y jetter un coup d&rsquo;oeil!</p>
<p style="text-align: justify;"><span style="color: #000000; font-size: 14pt;"> </span></p>
<p style="text-align: left;">
